igit of 44635?
6
What is the units digit of 1812?
2
What is the thousands digit of 31852?
1
What is the ten thousands digit of 11456?
1
What is the thousands digit of 3021?
3
What is the tens digit of 594?
9
What is the hundred thousands digit of 144754?
1
What is the units digit of 681?
1
What is the ten thousands digit of 51628?
5
What is the ten thousands digit of 14648?
1
What is the tens digit of 6515?
1
What is the hundreds digit of 713?
7
What is the units digit of 867?
7
What is the hundreds digit of 32280?
2
What is the tens digit of 860?
6
What is the thousands digit of 24334?
4
What is the tens digit of 1770?
7
What is the hundreds digit of 573?
5
What is the tens digit of 632?
3
What is the ten thousands digit of 20216?
2
What is the hundreds digit of 1247?
2
What is the hundreds digit of 26465?
4
What is the thousands digit of 1230?
1
What is the tens digit of 983?
8
What is the hundreds digit of 163?
1
What is the hundreds digit of 2076?
0
What is the ten thousands digit of 36215?
3
What is the units digit of 3545?
5
What is the units digit of 4253?
3
What is the tens digit of 9212?
1
What is the units digit of 16007?
7
What is the ten thousands digit of 18027?
1
What is the thousands digit of 15010?
5
What is the thousands digit of 5687?
5
What is the units digit of 8383?
3
What is the tens digit of 25200?
0
What is the hundreds digit of 11031?
0
What is the thousands digit of 18490?
8
What is the units digit of 108?
8
What is the units digit of 15014?
4
What is the tens digit of 397?
9
What is the thousands digit of 27361?
7
What is the units digit of 466?
6
What is the units digit of 5329?
9
What is the units digit of 1285?
5
What is the thousands digit of 11463?
1
What is the units digit of 29205?
5
What is the units digit of 28134?
4
What is the hundreds digit of 1550?
5
What is the tens digit of 350?
5
What is the tens digit of 60?
6
What is the units digit of 16783?
3
What is the thousands digit of 26040?
6
What is the tens digit of 4902?
0
What is the units digit of 330?
0
What is the hundreds digit of 2018?
0
What is the units digit of 2640?
0
What is the hundreds digit of 12254?
2
What is the units digit of 21402?
2
What is the hundreds digit of 8819?
8
What is the units digit of 919?
9
What is the tens digit of 106226?
2
What is the hundreds digit of 36071?
0
What is the hundreds digit of 5372?
3
What is the units digit of 462?
2
What is the units digit of 54?
4
What is the tens digit of 483?
8
What is the hundreds digit of 15513?
5
What is the units digit of 3316?
6
What is the hundreds digit of 272?
2
What is the thousands digit of 2356?
2
What is the tens digit of 1257?
5
What is the units digit of 1075?
5
What is the hundreds digit of 8168?
1
What is the hundreds digit of 32435?
4
What is the units digit of 16323?
3
What is the units digit of 2777?
7
What is the tens digit of 24605?
0
What is the tens digit of 1582?
8
What is the units digit of 36954?
4
What is the units digit of 102102?
2
What is the thousands digit of 1240?
1
What is the units digit of 10903?
3
What is the tens digit of 2026?
2
What is the tens digit of 2821?
2
What is the thousands digit of 5253?
5
What is the thousands digit of 110261?
0
What is the tens digit of 860?
6
What is the units digit of 2268?
8
What is the units digit of 6252?
2
What is the units digit of 8468?
8
What is the units digit of 8513?
3
What is the tens digit of 570?
7
What is the units digit of 9470?
0
What is the units digit of 99829?
9
What is the thousands digit of 2795?
2
What is the hundreds digit of 63932?
9
What is the thousands digit of 10872?
0
What is the units digit of 717?
7
What is the tens digit of 1791?
9
What is the tens digit of 17718?
1
What is the hundreds digit of 544?
5
What is the units digit of 10561?
1
What is the units digit of 2175?
5
What is the units digit of 57071?
1
What is the hundred thousands digit of 106121?
1
What is the units digit of 11983?
3
What is the tens digit of 41647?
4
What is the hundreds digit of 12417?
4
What is the hundreds digit of 122?
1
What is the tens digit of 17?
1
What is the tens digit of 2671?
7
What is the tens digit of 36430?
3
What is the thousands digit of 58374?
8
What is the units digit of 5069?
9
What is the units digit of 1721?
1
What is the thousands digit of 2641?
2
What is the tens digit of 3524?
2
What is the tens digit of 1990?
9
What is the hundreds digit of 3702?
7
What is the thousands digit of 59776?
9
What is the thousands digit of 4143?
4
What is the hundreds digit of 49782?
7
What is the units digit of 15346?
6
What is the hundreds digit of 79020?
0
What is the hundreds digit of 6165?
1
What is the tens digit of 12681?
8
What is the thousands digit of 2052?
2
What is the units digit of 63060?
0
What is the thousands digit of 58889?
8
What is the thousands digit of 2165?
2
What is the hundreds digit of 3329?
3
What is the tens digit of 4918?
1
What is the thousands digit of 43586?
3
What is the units digit of 1195?
5
What is the ten thousands digit of 43323?
4
What is the units digit of 2758?
8
What is the thousands digit of 53657?
3
What is the thousands digit of 33699?
3
What is the tens digit of 955?
5
What is the units digit of 5611?
1
What is the tens digit of 23671?
7
What is the units digit of 3366?
6
What is the ten thousands digit of 23333?
2
What is the ten thousands digit of 16031?
1
What is the thousands digit of 10933?
0
What is the hundreds digit of 896?
8
What is the hundreds digit of 9050?
0
What is the tens digit of 138391?
9
What is the hundreds digit of 2833?
8
What is the tens digit of 2864?
6
What is the units digit of 85906?
6
What is the hundreds digit of 23088?
0
What is the ten thousands digit of 69621?
6
What is the units digit of 1253?
3
What is the hundreds digit of 842?
8
What is the tens digit of 3686?
8
What is the thousands digit of 14151?
4
What is the hundreds digit of 5057?
0
What is the tens digit of 1034?
3
What is the hundreds digit of 1041?
0
What is the tens digit of 621?
2
What is the tens digit of 433?
3
What is the ten thousands digit of 20733?
2
What is the units digit of 891?
1
What is the thousands digit of 12571?
2
What is the tens digit of 129192?
9
What is the tens digit of 758?
5
What is the thousands digit of 3181?
3
What is the hundreds digit of 16244?
2
What is the thousands digit of 5961?
5
What is the tens digit of 763?
6
What is the thousands digit of 52157?
2
What is the units digit of 1047?
7
What is the hundreds digit of 4399?
3
What is the hundreds digit of 24348?
3
What is the tens digit of 434?
3
What is the units digit of 6354?
4
What is the tens digit of 2694?
9
What is the thousands digit of 5401?
5
What is the tens digit of 129?
2
What is the tens digit of 20778?
7
What is the units digit of 1133?
3
What is the ten thousands digit of 83625?
8
What is the hundreds digit of 2401?
4
What is the ten thousands digit of 29040?
2
What is the thousands digit of 9137?
9
What is the tens digit of 126338?
3
What is the tens digit of 60158?
5
What is the ten thousands digit of 18103?
1
What is the tens digit of 1776?
7
What is the hundreds digit of 5542?
5
What is the units digit of 181595?
5
What is the ten thousands digit of 64231?
6
What is the hundreds digit of 8655?
6
What is the thousands digit of 65791?
5
What is the units digit of 2604?
4
What is the units digit of 315?
5
What is the hundreds digit of 729?
7
What is the hundreds digit of 26415?
4
What is the hundreds digit of 1770?
7
What is the units digit of 13521?
1
What is the thousands digit of 7532?
7
What is the thousands digit of 67455?
7
What is the hundreds digit of 15916?
9
What is the units digit of 293?
3
What is the thousands digit of 1271?
1
What is the units digit of 23574?
4
What is the thousands digit of 76904?
6
What is the thousands digit of 62708?
2
What is the units digit of 2746?
6
What is the units digit of 19078?
8
What is the hundreds digit of 1711?
7
What is the hundreds digit of 38635?
6
What is the units digit of 3948?
8
What is the units digit of 1213?
3
What is the ten thousands digit of 112083?
1
What is the tens digit of 193282?
8
What is the hundreds digit of 935?
9
What is the tens digit of 115009?
0
What is the units digit of 5301?
1
What is the 